{"id":7294,"date":"2023-04-14T11:00:32","date_gmt":"2023-04-14T09:00:32","guid":{"rendered":"https:\/\/www.abeillon.com\/product\/robinet-male-femelle-g3-8-chrome\/"},"modified":"2025-07-24T16:09:19","modified_gmt":"2025-07-24T14:09:19","slug":"robinet-male-femelle-g3-8-chrome","status":"publish","type":"product","link":"https:\/\/www.abeillon.com\/boutique\/robinets-industriels-flexibles\/robinet-male-femelle-g3-8-chrome\/","title":{"rendered":"Robinet M\u00e2le\/Femelle-G3\/8\u00a0\u00bb ,Chrom\u00e9"},"content":{"rendered":"<p>Description : Robinet d&rsquo;arr\u00eat 3\/8 de tour. Embouts m\u00e2le et femelle \u00e0 visser diam\u00e8tre 3\/8&Prime;, filetage 12\/17<\/p>\n","protected":false},"excerpt":{"rendered":"<p>Description : Robinet d&rsquo;arr\u00eat 3\/8 de tour. Embouts m\u00e2le et femelle \u00e0 visser diam\u00e8tre 3\/8&Prime;, filetage 12\/17<\/p>\n","protected":false},"featured_media":5975,"template":"","meta":{"_seopress_robots_primary_cat":"none","_seopress_titles_title":"","_seopress_titles_desc":"D\u00e9couvrez notre robinet d'arr\u00eat 3\/8 de tour avec embouts m\u00e2le et femelle \u00e0 visser de diam\u00e8tre 3\/8\" et filetage 12\/17. Id\u00e9al pour une utilisation pratique et s\u00e9curis\u00e9e.","_seopress_robots_index":""},"product_brand":[],"product_cat":[134,447],"product_tag":[255],"class_list":{"0":"post-7294","1":"product","2":"type-product","3":"status-publish","4":"has-post-thumbnail","6":"product_cat-flexijet","7":"product_cat-robinets-industriels-flexibles","8":"product_tag-robinet","9":"pa_extremite-2-m12-17-g-3-8-femelle","11":"first","12":"instock","13":"taxable","14":"shipping-taxable","15":"purchasable","16":"product-type-simple"},"acf":[],"_links":{"self":[{"href":"https:\/\/www.abeillon.com\/boutique\/wp-json\/wp\/v2\/product\/7294","targetHints":{"allow":["GET"]}}],"collection":[{"href":"https:\/\/www.abeillon.com\/boutique\/wp-json\/wp\/v2\/product"}],"about":[{"href":"https:\/\/www.abeillon.com\/boutique\/wp-json\/wp\/v2\/types\/product"}],"wp:featuredmedia":[{"embeddable":true,"href":"https:\/\/www.abeillon.com\/boutique\/wp-json\/wp\/v2\/media\/5975"}],"wp:attachment":[{"href":"https:\/\/www.abeillon.com\/boutique\/wp-json\/wp\/v2\/media?parent=7294"}],"wp:term":[{"taxonomy":"product_brand","embeddable":true,"href":"https:\/\/www.abeillon.com\/boutique\/wp-json\/wp\/v2\/product_brand?post=7294"},{"taxonomy":"product_cat","embeddable":true,"href":"https:\/\/www.abeillon.com\/boutique\/wp-json\/wp\/v2\/product_cat?post=7294"},{"taxonomy":"product_tag","embeddable":true,"href":"https:\/\/www.abeillon.com\/boutique\/wp-json\/wp\/v2\/product_tag?post=7294"}],"curies":[{"name":"wp","href":"https:\/\/api.w.org\/{rel}","templated":true}]}}