{"id":8200,"date":"2024-02-06T13:53:01","date_gmt":"2024-02-06T12:53:01","guid":{"rendered":"https:\/\/www.abeillon.com\/?post_type=product&#038;p=8200"},"modified":"2025-07-24T16:08:50","modified_gmt":"2025-07-24T14:08:50","slug":"flexijets-a-buse-fixe-j-30-1-4-d-filetages-males-1-4-chrome-lg-300-mm","status":"publish","type":"product","link":"https:\/\/www.abeillon.com\/boutique\/flexijet-a-buse-fixe\/flexijets-a-buse-fixe-j-30-1-4-d-filetages-males-1-4-chrome-lg-300-mm\/","title":{"rendered":"Flexijet \u00e0 buse fixe J-30-1\/2, D Filetage m\u00e2le 1\/2\u00a0\u00bb, Chrom\u00e9, LG 300 mm"},"content":{"rendered":"<p>Flexible d&rsquo;\u00e9jection de fluide semi-rigide \u00e0 buse fixe, longueur 300 mm, diam\u00e8tre ext\u00e9rieur 21mm, diam\u00e8tre int\u00e9rieur 10,5 mm, finition en acier chrom\u00e9e. \u00c9tanche sur toute la longueur gr\u00e2ce \u00e0 la pr\u00e9sence d&rsquo;une gaine int\u00e9rieure. Embout m\u00e2le \u00e0 visser, diam\u00e8tre<\/p>\n","protected":false},"excerpt":{"rendered":"<p>Flexible d&rsquo;\u00e9jection de fluide semi-rigide \u00e0 buse fixe, longueur 300 mm, diam\u00e8tre ext\u00e9rieur 21mm, diam\u00e8tre int\u00e9rieur 10,5 mm, finition en acier chrom\u00e9e. \u00c9tanche sur toute la longueur gr\u00e2ce \u00e0 la pr\u00e9sence d&rsquo;une gaine int\u00e9rieure. Embout m\u00e2le \u00e0 visser, diam\u00e8tre<\/p>\n","protected":false},"featured_media":6126,"template":"","meta":{"_seopress_robots_primary_cat":"none","_seopress_titles_title":"","_seopress_titles_desc":"","_seopress_robots_index":""},"product_brand":[],"product_cat":[134,445],"product_tag":[253],"class_list":{"0":"post-8200","1":"product","2":"type-product","3":"status-publish","4":"has-post-thumbnail","6":"product_cat-flexijet","7":"product_cat-flexijet-a-buse-fixe","8":"product_tag-flexijet-a-buse-fixe","9":"pa_extremite-2-m15-21-g-1-2-male","11":"first","12":"instock","13":"taxable","14":"shipping-taxable","15":"purchasable","16":"product-type-simple"},"acf":[],"_links":{"self":[{"href":"https:\/\/www.abeillon.com\/boutique\/wp-json\/wp\/v2\/product\/8200","targetHints":{"allow":["GET"]}}],"collection":[{"href":"https:\/\/www.abeillon.com\/boutique\/wp-json\/wp\/v2\/product"}],"about":[{"href":"https:\/\/www.abeillon.com\/boutique\/wp-json\/wp\/v2\/types\/product"}],"wp:featuredmedia":[{"embeddable":true,"href":"https:\/\/www.abeillon.com\/boutique\/wp-json\/wp\/v2\/media\/6126"}],"wp:attachment":[{"href":"https:\/\/www.abeillon.com\/boutique\/wp-json\/wp\/v2\/media?parent=8200"}],"wp:term":[{"taxonomy":"product_brand","embeddable":true,"href":"https:\/\/www.abeillon.com\/boutique\/wp-json\/wp\/v2\/product_brand?post=8200"},{"taxonomy":"product_cat","embeddable":true,"href":"https:\/\/www.abeillon.com\/boutique\/wp-json\/wp\/v2\/product_cat?post=8200"},{"taxonomy":"product_tag","embeddable":true,"href":"https:\/\/www.abeillon.com\/boutique\/wp-json\/wp\/v2\/product_tag?post=8200"}],"curies":[{"name":"wp","href":"https:\/\/api.w.org\/{rel}","templated":true}]}}